{"id":87,"date":"2024-02-21T22:01:58","date_gmt":"2024-02-22T04:01:58","guid":{"rendered":"https:\/\/matematicas.reduaz.mx\/profesionalizante_matedu\/?page_id=87"},"modified":"2024-02-27T07:50:42","modified_gmt":"2024-02-27T13:50:42","slug":"mision-y-vision","status":"publish","type":"page","link":"https:\/\/matematicas.reduaz.mx\/profesionalizante_matedu\/?page_id=87","title":{"rendered":"Misi\u00f3n y Visi\u00f3n"},"content":{"rendered":"\n<figure class=\"wp-block-image size-full\"><img loading=\"lazy\" decoding=\"async\" width=\"400\" height=\"210\" src=\"https:\/\/matematicas.reduaz.mx\/profesionalizante_matedu\/wp-content\/uploads\/2024\/02\/misionfw.png\" alt=\"\" class=\"wp-image-169\" srcset=\"https:\/\/matematicas.reduaz.mx\/profesionalizante_matedu\/wp-content\/uploads\/2024\/02\/misionfw.png 400w, https:\/\/matematicas.reduaz.mx\/profesionalizante_matedu\/wp-content\/uploads\/2024\/02\/misionfw-300x158.png 300w\" sizes=\"auto, (max-width: 400px) 100vw, 400px\" \/><\/figure>\n\n\n\n<p>La Maestr\u00eda en Matem\u00e1tica Educativa tiene como misi\u00f3n contribuir al desarrollo profesional de interesados en la mejora de la ense\u00f1anza y el aprendizaje de las matem\u00e1ticas para los niveles de Secundaria, Bachillerato o Superior, mediante el fortalecimiento de su quehacer usando como herramientas la acci\u00f3n pr\u00e1ctica y reflexiva, la implementaci\u00f3n de tecnolog\u00edas did\u00e1cticas en su formaci\u00f3n y pr\u00e1ctica profesional, as\u00ed como la aplicaci\u00f3n del conocimiento disciplinar de la Matem\u00e1tica Educativa articulado a su campo profesional.<\/p>\n\n\n\n<figure class=\"wp-block-image size-full\"><img loading=\"lazy\" decoding=\"async\" width=\"400\" height=\"210\" src=\"https:\/\/matematicas.reduaz.mx\/profesionalizante_matedu\/wp-content\/uploads\/2024\/02\/visionfw.png\" alt=\"\" class=\"wp-image-170\" srcset=\"https:\/\/matematicas.reduaz.mx\/profesionalizante_matedu\/wp-content\/uploads\/2024\/02\/visionfw.png 400w, https:\/\/matematicas.reduaz.mx\/profesionalizante_matedu\/wp-content\/uploads\/2024\/02\/visionfw-300x158.png 300w\" sizes=\"auto, (max-width: 400px) 100vw, 400px\" \/><\/figure>\n\n\n\n<p>Para el 2030, la Maestr\u00eda en Matem\u00e1tica Educativa mantendr\u00e1 el reconocimiento como un Programa Acad\u00e9mico de Excelencia, que cumple con las expectativas y necesidades sociales establecidas por la Matem\u00e1tica Educativa, que satisface y es consecuente con la pol\u00edtica institucional de revisi\u00f3n y actualizaci\u00f3n continua.<\/p>\n\n\n\n<p>Contar\u00e1 con v\u00ednculos acad\u00e9micos s\u00f3lidos con instituciones pares, as\u00ed como una pertinencia regional acreditada a trav\u00e9s de convenios con instituciones educativas desde el nivel Secundaria hasta el nivel Superior para realizar estancias de investigaci\u00f3n y proyectos de desarrollo profesional que fortalezcan la profesionalizaci\u00f3n de los estudiantes de la maestr\u00eda; har\u00e1 uso de la tecnolog\u00eda educativa m\u00e1s avanzada para optimizar el proceso de ense\u00f1anza-aprendizaje; conseguir\u00e1 una tasa de eficiencia terminal mayor al promedio nacional, sin sacrificar la calidad de la formaci\u00f3n de los egresados; estar\u00e1 integrada por una planta acad\u00e9mica de excelencia (docentes con Maestr\u00eda y preferentemente con Doctorado, miembros del Sistema Nacional de Investigadores (SNI) y\/o Perfil PROMEP) todos con una pr\u00e1ctica profesional y acad\u00e9mica reconocida en el campo de la Matem\u00e1tica Educativa, suficiente para atender la matr\u00edcula del programa y competente en la generaci\u00f3n, aplicaci\u00f3n y difusi\u00f3n del conocimiento; contar\u00e1 con cuerpos acad\u00e9micos con productividad acad\u00e9mica en el \u00e1rea disciplinar de la Matem\u00e1tica Educativa.<\/p>\n","protected":false},"excerpt":{"rendered":"<p>La Maestr\u00eda en Matem\u00e1tica Educativa tiene como misi\u00f3n contribuir al desarrollo profesional de interesados en la mejora de la ense\u00f1anza y el aprendizaje de las matem\u00e1ticas para los niveles de Secundaria, Bachillerato o Superior, mediante el fortalecimiento de su quehacer &hellip; <a href=\"https:\/\/matematicas.reduaz.mx\/profesionalizante_matedu\/?page_id=87\">Continued<\/a><\/p>\n","protected":false},"author":1,"featured_media":0,"parent":0,"menu_order":0,"comment_status":"closed","ping_status":"closed","template":"","meta":{"kt_blocks_editor_width":"","footnotes":""},"class_list":["post-87","page","type-page","status-publish","hentry"],"_links":{"self":[{"href":"https:\/\/matematicas.reduaz.mx\/profesionalizante_matedu\/index.php?rest_route=\/wp\/v2\/pages\/87","targetHints":{"allow":["GET"]}}],"collection":[{"href":"https:\/\/matematicas.reduaz.mx\/profesionalizante_matedu\/index.php?rest_route=\/wp\/v2\/pages"}],"about":[{"href":"https:\/\/matematicas.reduaz.mx\/profesionalizante_matedu\/index.php?rest_route=\/wp\/v2\/types\/page"}],"author":[{"embeddable":true,"href":"https:\/\/matematicas.reduaz.mx\/profesionalizante_matedu\/index.php?rest_route=\/wp\/v2\/users\/1"}],"replies":[{"embeddable":true,"href":"https:\/\/matematicas.reduaz.mx\/profesionalizante_matedu\/index.php?rest_route=%2Fwp%2Fv2%2Fcomments&post=87"}],"version-history":[{"count":3,"href":"https:\/\/matematicas.reduaz.mx\/profesionalizante_matedu\/index.php?rest_route=\/wp\/v2\/pages\/87\/revisions"}],"predecessor-version":[{"id":172,"href":"https:\/\/matematicas.reduaz.mx\/profesionalizante_matedu\/index.php?rest_route=\/wp\/v2\/pages\/87\/revisions\/172"}],"wp:attachment":[{"href":"https:\/\/matematicas.reduaz.mx\/profesionalizante_matedu\/index.php?rest_route=%2Fwp%2Fv2%2Fmedia&parent=87"}],"curies":[{"name":"wp","href":"https:\/\/api.w.org\/{rel}","templated":true}]}}

Misión y Visión

<figure class="wp-block-image size-full"><img loading="lazy" decoding="async" width="400" height="210" src="https://matematicas.reduaz.mx/profesionalizante_matedu/wp-content/uploads/2024/02/misionfw.png" alt="" class="wp-image-169" srcset="https://matematicas.reduaz.mx/profesionalizante_matedu/wp-content/uploads/2024/02/misionfw.png 400w, https://matematicas.reduaz.mx/profesionalizante_matedu/wp-content/uploads/2024/02/misionfw-300x158.png 300w" sizes="auto, (max-width: 400px) 100vw, 400px" /></figure>



<p>La Maestría en Matemática Educativa tiene como misión contribuir al desarrollo profesional de interesados en la mejora de la enseñanza y el aprendizaje de las matemáticas para los niveles de Secundaria, Bachillerato o Superior, mediante el fortalecimiento de su quehacer usando como herramientas la acción práctica y reflexiva, la implementación de tecnologías didácticas en su formación y práctica profesional, así como la aplicación del conocimiento disciplinar de la Matemática Educativa articulado a su campo profesional.</p>



<figure class="wp-block-image size-full"><img loading="lazy" decoding="async" width="400" height="210" src="https://matematicas.reduaz.mx/profesionalizante_matedu/wp-content/uploads/2024/02/visionfw.png" alt="" class="wp-image-170" srcset="https://matematicas.reduaz.mx/profesionalizante_matedu/wp-content/uploads/2024/02/visionfw.png 400w, https://matematicas.reduaz.mx/profesionalizante_matedu/wp-content/uploads/2024/02/visionfw-300x158.png 300w" sizes="auto, (max-width: 400px) 100vw, 400px" /></figure>



<p>Para el 2030, la Maestría en Matemática Educativa mantendrá el reconocimiento como un Programa Académico de Excelencia, que cumple con las expectativas y necesidades sociales establecidas por la Matemática Educativa, que satisface y es consecuente con la política institucional de revisión y actualización continua.</p>



<p>Contará con vínculos académicos sólidos con instituciones pares, así como una pertinencia regional acreditada a través de convenios con instituciones educativas desde el nivel Secundaria hasta el nivel Superior para realizar estancias de investigación y proyectos de desarrollo profesional que fortalezcan la profesionalización de los estudiantes de la maestría; hará uso de la tecnología educativa más avanzada para optimizar el proceso de enseñanza-aprendizaje; conseguirá una tasa de eficiencia terminal mayor al promedio nacional, sin sacrificar la calidad de la formación de los egresados; estará integrada por una planta académica de excelencia (docentes con Maestría y preferentemente con Doctorado, miembros del Sistema Nacional de Investigadores (SNI) y/o Perfil PROMEP) todos con una práctica profesional y académica reconocida en el campo de la Matemática Educativa, suficiente para atender la matrícula del programa y competente en la generación, aplicación y difusión del conocimiento; contará con cuerpos académicos con productividad académica en el área disciplinar de la Matemática Educativa.</p>

<p>La Maestría en Matemática Educativa tiene como misión contribuir al desarrollo profesional de interesados en la mejora de la enseñanza y el aprendizaje de las matemáticas para los niveles de Secundaria, Bachillerato o Superior, mediante el fortalecimiento de su quehacer &hellip; <a href="https://matematicas.reduaz.mx/profesionalizante_matedu/?page_id=87">Continued</a></p>
