{"id":63,"date":"2024-02-21T17:44:54","date_gmt":"2024-02-21T17:44:54","guid":{"rendered":"https:\/\/matematicas.reduaz.mx\/profesionalizante_matedu\/?page_id=63"},"modified":"2024-02-27T07:46:08","modified_gmt":"2024-02-27T13:46:08","slug":"plan-de-estudios","status":"publish","type":"page","link":"https:\/\/matematicas.reduaz.mx\/profesionalizante_matedu\/?page_id=63","title":{"rendered":"Plan de Estudios"},"content":{"rendered":"\n<figure class=\"wp-block-image size-full\"><img loading=\"lazy\" decoding=\"async\" width=\"400\" height=\"210\" src=\"https:\/\/matematicas.reduaz.mx\/profesionalizante_matedu\/wp-content\/uploads\/2024\/02\/estructurafw.png\" alt=\"\" class=\"wp-image-159\" srcset=\"https:\/\/matematicas.reduaz.mx\/profesionalizante_matedu\/wp-content\/uploads\/2024\/02\/estructurafw.png 400w, https:\/\/matematicas.reduaz.mx\/profesionalizante_matedu\/wp-content\/uploads\/2024\/02\/estructurafw-300x158.png 300w\" sizes=\"auto, (max-width: 400px) 100vw, 400px\" \/><\/figure>\n\n\n\n<p>En el plan de estudios de la maestr\u00eda se definen 3 trayectorias, elegidas por el estudiante desde su ingreso a una de las orientaciones, de la siguiente manera:<\/p>\n\n\n\n<figure class=\"wp-block-table\"><table><tbody><tr><td class=\"has-text-align-center\" data-align=\"center\">Semestre<\/td><td>Secundaria<\/td><td>Bachillerato<\/td><td>Superior<\/td><\/tr><tr><td class=\"has-text-align-center\" data-align=\"center\" rowspan=\"3\">1<\/td><td>Sentido Num\u00e9rico<br>y Pensamiento Algebraico<\/td><td>Pensamiento Algebraico<\/td><td>Pensamiento Algebraico<\/td><\/tr><tr><td class=\"has-text-align-center\" data-align=\"center\">Forma, Espacio y Medida<\/td><td>Pensamiento Geom\u00e9trico<\/td><td>Pensamiento variacional<\/td><\/tr><tr><td class=\"has-text-align-center\" data-align=\"center\" colspan=\"3\">Introducci\u00f3n a la Matem\u00e1tica Educativa<\/td><\/tr><tr><td class=\"has-text-align-center\" data-align=\"center\"><\/td><td><\/td><td><\/td><td><\/td><\/tr><tr><td class=\"has-text-align-center\" data-align=\"center\"><\/td><td><\/td><td><\/td><td><\/td><\/tr><tr><td class=\"has-text-align-center\" data-align=\"center\" rowspan=\"3\">2<\/td><td>Manejo de la Informaci\u00f3n<\/td><td>Temas Selectos de Ense\u00f1anza de las Matem\u00e1ticas del Nivel Bachillerato<\/td><td>Temas Selectos de Ense\u00f1anza de las Matem\u00e1ticas del Nivel Superior<\/td><\/tr><tr><td class=\"has-text-align-center\" data-align=\"center\" colspan=\"3\">Tendencias de Investigaci\u00f3n en Matem\u00e1tica Educativa<\/td><\/tr><tr><td class=\"has-text-align-center\" data-align=\"center\" colspan=\"3\">Desarrollo Profesional I<\/td><\/tr><tr><\/tr><tr><td class=\"has-text-align-center\" data-align=\"center\"><\/td><td><\/td><td><\/td><td><\/td><\/tr><tr><td class=\"has-text-align-center\" data-align=\"center\"><\/td><td><\/td><td><\/td><td><\/td><\/tr><tr><td class=\"has-text-align-center\" data-align=\"center\" rowspan=\"4\">3<\/td><\/tr><tr><td class=\"has-text-align-center\" data-align=\"center\" colspan=\"3\">Problematizaci\u00f3n de la Ense\u00f1anza a partir de la Matem\u00e1tica Educativa<\/td><\/tr><tr><td class=\"has-text-align-center\" data-align=\"center\" colspan=\"3\">Proyecto de Desarrollo Profesional<\/td><\/tr><tr><td class=\"has-text-align-center\" data-align=\"center\" colspan=\"3\">Desarrollo Profesional II<\/td><\/tr><tr><\/tr><tr><td class=\"has-text-align-center\" data-align=\"center\"><\/td><td><\/td><td><\/td><td><\/td><\/tr><tr><td class=\"has-text-align-center\" data-align=\"center\"><\/td><td><\/td><td><\/td><td><\/td><\/tr><tr><td class=\"has-text-align-center\" data-align=\"center\" rowspan=\"3\">4<\/td><\/tr><tr><td class=\"has-text-align-center\" data-align=\"center\" colspan=\"3\">Experiencias para el Desarrollo Profesional<\/td><\/tr><tr><td class=\"has-text-align-center\" data-align=\"center\" colspan=\"3\">Seminario para el trabajo recepcional<\/td><\/tr><tr><\/tr><\/tbody><\/table><\/figure>\n\n\n\n<p>Estas Unidades Did\u00e1cticas, se clasifican a su vez en 3 ejes:<\/p>\n\n\n\n<ol class=\"wp-block-list\">\n<li>Te\u00f3rico &#8211; Metodol\u00f3gico: Antecedentes y emergencia de la Matem\u00e1tica Educativa; identificaci\u00f3n de responsabilidades y problemas que atiende; conocimiento de las principales posturas te\u00f3rico-metodol\u00f3gicas.<\/li>\n\n\n\n<li>Did\u00e1ctico &#8211; Disciplinar:&nbsp;Dadas las diferencias del contenido matem\u00e1tico seg\u00fan la orientaci\u00f3n elegida, pertenecen al bloque de unidades did\u00e1cticas consideradas como optativas.<\/li>\n\n\n\n<li>De Desarrollo Profesional: Propiciar la mejora de la pr\u00e1ctica profesional del profesor de matem\u00e1ticas mediante la posibilidad de mejorar el aprendizaje de las matem\u00e1ticas, a partir del proceso reflexivo y de acciones fundamentadas en los resultados de la investigaci\u00f3n en Matem\u00e1tica Educativa teniendo como eje rector la pr\u00e1ctica docente<\/li>\n<\/ol>\n","protected":false},"excerpt":{"rendered":"<p>En el plan de estudios de la maestr\u00eda se definen 3 trayectorias, elegidas por el estudiante desde su ingreso a una de las orientaciones, de la siguiente manera: Semestre Secundaria Bachillerato Superior 1 Sentido Num\u00e9ricoy Pensamiento Algebraico Pensamiento Algebraico Pensamiento &hellip; <a href=\"https:\/\/matematicas.reduaz.mx\/profesionalizante_matedu\/?page_id=63\">Continued<\/a><\/p>\n","protected":false},"author":2,"featured_media":0,"parent":0,"menu_order":0,"comment_status":"closed","ping_status":"closed","template":"","meta":{"kt_blocks_editor_width":"","footnotes":""},"class_list":["post-63","page","type-page","status-publish","hentry"],"_links":{"self":[{"href":"https:\/\/matematicas.reduaz.mx\/profesionalizante_matedu\/index.php?rest_route=\/wp\/v2\/pages\/63","targetHints":{"allow":["GET"]}}],"collection":[{"href":"https:\/\/matematicas.reduaz.mx\/profesionalizante_matedu\/index.php?rest_route=\/wp\/v2\/pages"}],"about":[{"href":"https:\/\/matematicas.reduaz.mx\/profesionalizante_matedu\/index.php?rest_route=\/wp\/v2\/types\/page"}],"author":[{"embeddable":true,"href":"https:\/\/matematicas.reduaz.mx\/profesionalizante_matedu\/index.php?rest_route=\/wp\/v2\/users\/2"}],"replies":[{"embeddable":true,"href":"https:\/\/matematicas.reduaz.mx\/profesionalizante_matedu\/index.php?rest_route=%2Fwp%2Fv2%2Fcomments&post=63"}],"version-history":[{"count":3,"href":"https:\/\/matematicas.reduaz.mx\/profesionalizante_matedu\/index.php?rest_route=\/wp\/v2\/pages\/63\/revisions"}],"predecessor-version":[{"id":160,"href":"https:\/\/matematicas.reduaz.mx\/profesionalizante_matedu\/index.php?rest_route=\/wp\/v2\/pages\/63\/revisions\/160"}],"wp:attachment":[{"href":"https:\/\/matematicas.reduaz.mx\/profesionalizante_matedu\/index.php?rest_route=%2Fwp%2Fv2%2Fmedia&parent=63"}],"curies":[{"name":"wp","href":"https:\/\/api.w.org\/{rel}","templated":true}]}}

<figure class="wp-block-image size-full"><img loading="lazy" decoding="async" width="400" height="210" src="https://matematicas.reduaz.mx/profesionalizante_matedu/wp-content/uploads/2024/02/estructurafw.png" alt="" class="wp-image-159" srcset="https://matematicas.reduaz.mx/profesionalizante_matedu/wp-content/uploads/2024/02/estructurafw.png 400w, https://matematicas.reduaz.mx/profesionalizante_matedu/wp-content/uploads/2024/02/estructurafw-300x158.png 300w" sizes="auto, (max-width: 400px) 100vw, 400px" /></figure>



<p>En el plan de estudios de la maestría se definen 3 trayectorias, elegidas por el estudiante desde su ingreso a una de las orientaciones, de la siguiente manera:</p>



<figure class="wp-block-table"><table><tbody><tr><td class="has-text-align-center" data-align="center">Semestre</td><td>Secundaria</td><td>Bachillerato</td><td>Superior</td></tr><tr><td class="has-text-align-center" data-align="center" rowspan="3">1</td><td>Sentido Numérico<br>y Pensamiento Algebraico</td><td>Pensamiento Algebraico</td><td>Pensamiento Algebraico</td></tr><tr><td class="has-text-align-center" data-align="center">Forma, Espacio y Medida</td><td>Pensamiento Geométrico</td><td>Pensamiento variacional</td></tr><tr><td class="has-text-align-center" data-align="center" colspan="3">Introducción a la Matemática Educativa</td></tr><tr><td class="has-text-align-center" data-align="center"></td><td></td><td></td><td></td></tr><tr><td class="has-text-align-center" data-align="center"></td><td></td><td></td><td></td></tr><tr><td class="has-text-align-center" data-align="center" rowspan="3">2</td><td>Manejo de la Información</td><td>Temas Selectos de Enseñanza de las Matemáticas del Nivel Bachillerato</td><td>Temas Selectos de Enseñanza de las Matemáticas del Nivel Superior</td></tr><tr><td class="has-text-align-center" data-align="center" colspan="3">Tendencias de Investigación en Matemática Educativa</td></tr><tr><td class="has-text-align-center" data-align="center" colspan="3">Desarrollo Profesional I</td></tr><tr></tr><tr><td class="has-text-align-center" data-align="center"></td><td></td><td></td><td></td></tr><tr><td class="has-text-align-center" data-align="center"></td><td></td><td></td><td></td></tr><tr><td class="has-text-align-center" data-align="center" rowspan="4">3</td></tr><tr><td class="has-text-align-center" data-align="center" colspan="3">Problematización de la Enseñanza a partir de la Matemática Educativa</td></tr><tr><td class="has-text-align-center" data-align="center" colspan="3">Proyecto de Desarrollo Profesional</td></tr><tr><td class="has-text-align-center" data-align="center" colspan="3">Desarrollo Profesional II</td></tr><tr></tr><tr><td class="has-text-align-center" data-align="center"></td><td></td><td></td><td></td></tr><tr><td class="has-text-align-center" data-align="center"></td><td></td><td></td><td></td></tr><tr><td class="has-text-align-center" data-align="center" rowspan="3">4</td></tr><tr><td class="has-text-align-center" data-align="center" colspan="3">Experiencias para el Desarrollo Profesional</td></tr><tr><td class="has-text-align-center" data-align="center" colspan="3">Seminario para el trabajo recepcional</td></tr><tr></tr></tbody></table></figure>



<p>Estas Unidades Didácticas, se clasifican a su vez en 3 ejes:</p>



<ol class="wp-block-list">
<li>Teórico &#8211; Metodológico: Antecedentes y emergencia de la Matemática Educativa; identificación de responsabilidades y problemas que atiende; conocimiento de las principales posturas teórico-metodológicas.</li>



<li>Didáctico &#8211; Disciplinar:&nbsp;Dadas las diferencias del contenido matemático según la orientación elegida, pertenecen al bloque de unidades didácticas consideradas como optativas.</li>



<li>De Desarrollo Profesional: Propiciar la mejora de la práctica profesional del profesor de matemáticas mediante la posibilidad de mejorar el aprendizaje de las matemáticas, a partir del proceso reflexivo y de acciones fundamentadas en los resultados de la investigación en Matemática Educativa teniendo como eje rector la práctica docente</li>
</ol>

<p>En el plan de estudios de la maestría se definen 3 trayectorias, elegidas por el estudiante desde su ingreso a una de las orientaciones, de la siguiente manera: Semestre Secundaria Bachillerato Superior 1 Sentido Numéricoy Pensamiento Algebraico Pensamiento Algebraico Pensamiento &hellip; <a href="https://matematicas.reduaz.mx/profesionalizante_matedu/?page_id=63">Continued</a></p>
