{"id":479,"date":"2025-10-28T20:01:26","date_gmt":"2025-10-29T02:01:26","guid":{"rendered":"https:\/\/matematicas.reduaz.mx\/profesionalizante_matedu\/?page_id=479"},"modified":"2025-10-28T20:10:58","modified_gmt":"2025-10-29T02:10:58","slug":"torres-monica","status":"publish","type":"page","link":"https:\/\/matematicas.reduaz.mx\/profesionalizante_matedu\/?page_id=479","title":{"rendered":"Torres, M\u00f3nica"},"content":{"rendered":"<style>.kb-identity479_6cf213-4b a{text-decoration:inherit;color:inherit;}.kb-identity479_6cf213-4b .kb-identity-layout-container{align-items:center;}<\/style><div class=\"kb-identity kb-identity479_6cf213-4b alignnone wp-block-kadence-identity\"><a href=\"https:\/\/matematicas.reduaz.mx\/profesionalizante_matedu\/\" class=\"kb-identity-layout-container kb-identity-layout-logo-left\">\n<div style=\"margin-right:var(--wp--preset--spacing--40);\" class=\"wp-block-site-logo\"><img loading=\"lazy\" decoding=\"async\" width=\"120\" height=\"18\" src=\"https:\/\/matematicas.reduaz.mx\/profesionalizante_matedu\/wp-content\/uploads\/2025\/10\/MembreteUAZ-UAM_25-29-1024x157-1.png\" class=\"custom-logo\" alt=\"Maestr\u00eda en Matem\u00e1tica Educativa\" srcset=\"https:\/\/matematicas.reduaz.mx\/profesionalizante_matedu\/wp-content\/uploads\/2025\/10\/MembreteUAZ-UAM_25-29-1024x157-1.png 1024w, https:\/\/matematicas.reduaz.mx\/profesionalizante_matedu\/wp-content\/uploads\/2025\/10\/MembreteUAZ-UAM_25-29-1024x157-1-300x46.png 300w, https:\/\/matematicas.reduaz.mx\/profesionalizante_matedu\/wp-content\/uploads\/2025\/10\/MembreteUAZ-UAM_25-29-1024x157-1-768x118.png 768w\" sizes=\"auto, (max-width: 120px) 100vw, 120px\" \/><\/div>\n\n<p class=\"wp-block-site-title\">Maestr\u00eda en Matem\u00e1tica Educativa<\/p>\n<\/a><\/div>\n\n<style>.kadence-column479_e7aeb3-68 > .kt-inside-inner-col,.kadence-column479_e7aeb3-68 > .kt-inside-inner-col:before{border-top-left-radius:0px;border-top-right-radius:0px;border-bottom-right-radius:0px;border-bottom-left-radius:0px;}.kadence-column479_e7aeb3-68 > .kt-inside-inner-col{column-gap:var(--global-kb-gap-sm, 1rem);}.kadence-column479_e7aeb3-68 > .kt-inside-inner-col{flex-direction:column;}.kadence-column479_e7aeb3-68 > .kt-inside-inner-col > .aligncenter{width:100%;}.kadence-column479_e7aeb3-68 > .kt-inside-inner-col:before{opacity:0.3;}.kadence-column479_e7aeb3-68{position:relative;}@media all and (max-width: 1024px){.kadence-column479_e7aeb3-68 > .kt-inside-inner-col{flex-direction:column;justify-content:center;}}@media all and (max-width: 767px){.kadence-column479_e7aeb3-68 > .kt-inside-inner-col{flex-direction:column;justify-content:center;}}<\/style>\n<div class=\"wp-block-kadence-column kadence-column479_e7aeb3-68\"><div class=\"kt-inside-inner-col\"><\/div><\/div>\n\n\n<style>.wp-block-kadence-column.kb-section-dir-horizontal > .kt-inside-inner-col > .kt-info-box479_1f8f47-a2 .kt-blocks-info-box-link-wrap{max-width:unset;}.kt-info-box479_1f8f47-a2 .kt-blocks-info-box-link-wrap{border-top:5px solid #72a3d4;border-right:5px solid #72a3d4;border-bottom:5px solid #72a3d4;border-left:5px solid #72a3d4;border-top-left-radius:20px;border-top-right-radius:20px;border-bottom-right-radius:20px;border-bottom-left-radius:20px;background:#ffffff;padding-top:var(--global-kb-spacing-sm, 1.5rem);padding-right:var(--global-kb-spacing-sm, 1.5rem);padding-bottom:var(--global-kb-spacing-sm, 1.5rem);padding-left:var(--global-kb-spacing-sm, 1.5rem);margin-top:50px;}.kt-info-box479_1f8f47-a2.wp-block-kadence-infobox{max-width:100%;}.kt-info-box479_1f8f47-a2 .kadence-info-box-image-inner-intrisic-container{max-width:131px;}.kt-info-box479_1f8f47-a2 .kadence-info-box-image-inner-intrisic-container .kadence-info-box-image-intrisic{padding-bottom:133.33%;width:1405px;height:0px;max-width:100%;}.kt-info-box479_1f8f47-a2 .kadence-info-box-icon-container .kt-info-svg-icon, .kt-info-box479_1f8f47-a2 .kt-info-svg-icon-flip, .kt-info-box479_1f8f47-a2 .kt-blocks-info-box-number{font-size:50px;}.kt-info-box479_1f8f47-a2 .kt-blocks-info-box-media{background:#ffffff;border-color:var(u002du002dglobal-palette7, #eeeeee);border-radius:200px;overflow:hidden;border-top-width:5px;border-right-width:5px;border-bottom-width:5px;border-left-width:5px;padding-top:20px;padding-right:20px;padding-bottom:20px;padding-left:20px;}.kt-info-box479_1f8f47-a2 .kt-blocks-info-box-media-container{margin-top:-75px;margin-right:0px;margin-bottom:20px;margin-left:0px;}.kt-info-box479_1f8f47-a2 .kt-blocks-info-box-media .kadence-info-box-image-intrisic img{border-radius:200px;}.kt-info-box479_1f8f47-a2 .kt-infobox-textcontent h2.kt-blocks-info-box-title{padding-top:0px;padding-right:0px;padding-bottom:0px;padding-left:0px;margin-top:5px;margin-right:0px;margin-bottom:10px;margin-left:0px;}.kt-info-box479_1f8f47-a2 .kt-blocks-info-box-learnmore{background:transparent;border-width:0px 0px 0px 0px;padding-top:4px;padding-right:8px;padding-bottom:4px;padding-left:8px;margin-top:10px;margin-right:0px;margin-bottom:10px;margin-left:0px;}@media all and (max-width: 1024px){.kt-info-box479_1f8f47-a2 .kt-blocks-info-box-link-wrap{border-top:5px solid #72a3d4;border-right:5px solid #72a3d4;border-bottom:5px solid #72a3d4;border-left:5px solid #72a3d4;}}@media all and (max-width: 767px){.kt-info-box479_1f8f47-a2 .kt-blocks-info-box-link-wrap{border-top:5px solid #72a3d4;border-right:5px solid #72a3d4;border-bottom:5px solid #72a3d4;border-left:5px solid #72a3d4;}}<\/style>\n<div class=\"wp-block-kadence-infobox kt-info-box479_1f8f47-a2\"><span class=\"kt-blocks-info-box-link-wrap info-box-link kt-blocks-info-box-media-align-top kt-info-halign-center\" aria-label=\"MATI. M\u00f3nica del Roc\u00edo Torres Ibarra\"><div class=\"kt-blocks-info-box-media-container\"><div class=\"kt-blocks-info-box-media kt-info-media-animate-none\"><div class=\"kadence-info-box-image-inner-intrisic-container\"><div class=\"kadence-info-box-image-intrisic kt-info-animate-none kb-info-box-image-ratio kb-info-box-image-ratio-port34\"><div class=\"kadence-info-box-image-inner-intrisic\"><img loading=\"lazy\" decoding=\"async\" src=\"https:\/\/matematicas.reduaz.mx\/profesionalizante_matedu\/wp-content\/uploads\/2025\/10\/monik.png\" alt=\"\" width=\"1405\" height=\"1360\" class=\"kt-info-box-image wp-image-480\" srcset=\"https:\/\/matematicas.reduaz.mx\/profesionalizante_matedu\/wp-content\/uploads\/2025\/10\/monik.png 1405w, https:\/\/matematicas.reduaz.mx\/profesionalizante_matedu\/wp-content\/uploads\/2025\/10\/monik-300x290.png 300w, https:\/\/matematicas.reduaz.mx\/profesionalizante_matedu\/wp-content\/uploads\/2025\/10\/monik-1024x991.png 1024w, https:\/\/matematicas.reduaz.mx\/profesionalizante_matedu\/wp-content\/uploads\/2025\/10\/monik-768x743.png 768w\" sizes=\"auto, (max-width: 1405px) 100vw, 1405px\" \/><\/div><\/div><\/div><\/div><\/div><div class=\"kt-infobox-textcontent\"><h2 class=\"kt-blocks-info-box-title\">MATI. M\u00f3nica del Roc\u00edo Torres Ibarra<\/h2><p class=\"kt-blocks-info-box-text\">Docente de la Unidad Acad\u00e9mica de Matem\u00e1ticas. Es Ingeniera en Sistemas Computacionales por el Instituto Tecnol\u00f3gico de Zacatecas, Maestra en Administraci\u00f3n de Tecnolog\u00edas de la Informaci\u00f3n por el Instituto Tecnol\u00f3gico y de Estudios Superiores de Monterrey y egresada del Doctorado en Tecnolog\u00eda Educativa por el Centro Educativo del Mar de Cort\u00e9s.<br><br>Cuenta con 26 a\u00f1os de experiencia en la formaci\u00f3n de Licenciados en Matem\u00e1ticas y Maestros en Matem\u00e1tica Educativa, ha participado en Diplomados, Seminarios y Talleres de Educaci\u00f3n continua en el \u00e1rea de Tecnolog\u00eda aplicada a la Educaci\u00f3n Matem\u00e1tica y la Ense\u00f1anza \u2013 Aprendizaje de la Matem\u00e1tica. Tiene experiencia en el dise\u00f1o de propuestas did\u00e1cticas para la ense\u00f1anza de las matem\u00e1ticas con el uso de tecnolog\u00eda.<br>Es Evaluadora Nacional de los Comit\u00e9s Interinstitucionales de Evaluaci\u00f3n de la Educaci\u00f3n Superior, participando tambi\u00e9n en los Comit\u00e9s de Evaluaci\u00f3n de CIEES y SECIHTI, para el reconocimiento de los programas de Licenciatura en Matem\u00e1ticas, Maestr\u00eda en An\u00e1lisis de Informaci\u00f3n y Maestr\u00eda en Matem\u00e1tica Educativa, respectivamente. <br><br>Ha participado como organizadora, ponente y asistente de diversos eventos acad\u00e9micos regionales, nacionales e internacionales en el \u00e1rea de la Matem\u00e1tica Educativa, tales como Seminarios, Coloquios, Cursos, Talleres, etc., dentro de la Disciplina.<br><br>Cuenta con publicaciones en el \u00e1rea y forma parte del Cuerpo Acad\u00e9mico Ense\u00f1anza y Aprendizaje de las Matem\u00e1ticas, en Consolidaci\u00f3n cuyas L\u00edneas de Generaci\u00f3n y Aplicaci\u00f3n del conocimiento son acordes a la establecida en la Maestr\u00eda. Sus temas de inter\u00e9s son:<br>El uso de la tecnolog\u00eda en la ense\u00f1anza de las matem\u00e1ticas, Ense\u00f1anza -aprendizaje de la estad\u00edstica, Representaciones Semi\u00f3ticas, Visualizaci\u00f3n Matem\u00e1tica, IA para la ense\u00f1anza de las Matem\u00e1ticas y STEM.<\/p><\/div><\/span><\/div>\n\n\n\n<p class=\"has-text-align-center\"><a href=\"https:\/\/scholar.google.com\/citations?hl=es&amp;user=gG8b1FcAAAAJ&amp;view_op=list_works&amp;sortby=pubdate\">Productividad<\/a><\/p>\n\n\n\n<p><\/p>\n","protected":false},"excerpt":{"rendered":"<p>Productividad<\/p>\n","protected":false},"author":2,"featured_media":0,"parent":0,"menu_order":0,"comment_status":"closed","ping_status":"closed","template":"","meta":{"kt_blocks_editor_width":"","footnotes":""},"class_list":["post-479","page","type-page","status-publish","hentry"],"_links":{"self":[{"href":"https:\/\/matematicas.reduaz.mx\/profesionalizante_matedu\/index.php?rest_route=\/wp\/v2\/pages\/479","targetHints":{"allow":["GET"]}}],"collection":[{"href":"https:\/\/matematicas.reduaz.mx\/profesionalizante_matedu\/index.php?rest_route=\/wp\/v2\/pages"}],"about":[{"href":"https:\/\/matematicas.reduaz.mx\/profesionalizante_matedu\/index.php?rest_route=\/wp\/v2\/types\/page"}],"author":[{"embeddable":true,"href":"https:\/\/matematicas.reduaz.mx\/profesionalizante_matedu\/index.php?rest_route=\/wp\/v2\/users\/2"}],"replies":[{"embeddable":true,"href":"https:\/\/matematicas.reduaz.mx\/profesionalizante_matedu\/index.php?rest_route=%2Fwp%2Fv2%2Fcomments&post=479"}],"version-history":[{"count":2,"href":"https:\/\/matematicas.reduaz.mx\/profesionalizante_matedu\/index.php?rest_route=\/wp\/v2\/pages\/479\/revisions"}],"predecessor-version":[{"id":486,"href":"https:\/\/matematicas.reduaz.mx\/profesionalizante_matedu\/index.php?rest_route=\/wp\/v2\/pages\/479\/revisions\/486"}],"wp:attachment":[{"href":"https:\/\/matematicas.reduaz.mx\/profesionalizante_matedu\/index.php?rest_route=%2Fwp%2Fv2%2Fmedia&parent=479"}],"curies":[{"name":"wp","href":"https:\/\/api.w.org\/{rel}","templated":true}]}}