{"id":443,"date":"2025-10-20T15:21:16","date_gmt":"2025-10-20T21:21:16","guid":{"rendered":"https:\/\/matematicas.reduaz.mx\/profesionalizante_matedu\/?page_id=443"},"modified":"2025-10-20T15:34:45","modified_gmt":"2025-10-20T21:34:45","slug":"garcia-carolina","status":"publish","type":"page","link":"https:\/\/matematicas.reduaz.mx\/profesionalizante_matedu\/?page_id=443","title":{"rendered":"Carrillo, Carolina"},"content":{"rendered":"<style>.kb-identity443_38698e-33 a{text-decoration:inherit;color:inherit;}.kb-identity443_38698e-33 .kb-identity-layout-container{align-items:center;}<\/style><div class=\"kb-identity kb-identity443_38698e-33 alignnone wp-block-kadence-identity\"><a href=\"https:\/\/matematicas.reduaz.mx\/profesionalizante_matedu\/\" class=\"kb-identity-layout-container kb-identity-layout-logo-left\">\n<div style=\"margin-right:var(--wp--preset--spacing--40);\" class=\"wp-block-site-logo\"><img loading=\"lazy\" decoding=\"async\" width=\"120\" height=\"18\" src=\"https:\/\/matematicas.reduaz.mx\/profesionalizante_matedu\/wp-content\/uploads\/2025\/10\/MembreteUAZ-UAM_25-29-1024x157-1.png\" class=\"custom-logo\" alt=\"Maestr\u00eda en Matem\u00e1tica Educativa\" srcset=\"https:\/\/matematicas.reduaz.mx\/profesionalizante_matedu\/wp-content\/uploads\/2025\/10\/MembreteUAZ-UAM_25-29-1024x157-1.png 1024w, https:\/\/matematicas.reduaz.mx\/profesionalizante_matedu\/wp-content\/uploads\/2025\/10\/MembreteUAZ-UAM_25-29-1024x157-1-300x46.png 300w, https:\/\/matematicas.reduaz.mx\/profesionalizante_matedu\/wp-content\/uploads\/2025\/10\/MembreteUAZ-UAM_25-29-1024x157-1-768x118.png 768w\" sizes=\"auto, (max-width: 120px) 100vw, 120px\" \/><\/div>\n\n<p class=\"wp-block-site-title\">Maestr\u00eda en Matem\u00e1tica Educativa<\/p>\n<\/a><\/div>\n\n<style>.kadence-column443_bd2861-c9 > .kt-inside-inner-col,.kadence-column443_bd2861-c9 > .kt-inside-inner-col:before{border-top-left-radius:0px;border-top-right-radius:0px;border-bottom-right-radius:0px;border-bottom-left-radius:0px;}.kadence-column443_bd2861-c9 > .kt-inside-inner-col{column-gap:var(--global-kb-gap-sm, 1rem);}.kadence-column443_bd2861-c9 > .kt-inside-inner-col{flex-direction:column;}.kadence-column443_bd2861-c9 > .kt-inside-inner-col > .aligncenter{width:100%;}.kadence-column443_bd2861-c9 > .kt-inside-inner-col:before{opacity:0.3;}.kadence-column443_bd2861-c9{position:relative;}@media all and (max-width: 1024px){.kadence-column443_bd2861-c9 > .kt-inside-inner-col{flex-direction:column;justify-content:center;}}@media all and (max-width: 767px){.kadence-column443_bd2861-c9 > .kt-inside-inner-col{flex-direction:column;justify-content:center;}}<\/style>\n<div class=\"wp-block-kadence-column kadence-column443_bd2861-c9\"><div class=\"kt-inside-inner-col\"><\/div><\/div>\n\n\n<style>.wp-block-kadence-column.kb-section-dir-horizontal > .kt-inside-inner-col > .kt-info-box443_c26ccc-f2 .kt-blocks-info-box-link-wrap{max-width:unset;}.kt-info-box443_c26ccc-f2 .kt-blocks-info-box-link-wrap{border-top:5px solid #72a3d4;border-right:5px solid #72a3d4;border-bottom:5px solid #72a3d4;border-left:5px solid #72a3d4;border-top-left-radius:20px;border-top-right-radius:20px;border-bottom-right-radius:20px;border-bottom-left-radius:20px;background:#ffffff;padding-top:var(--global-kb-spacing-sm, 1.5rem);padding-right:var(--global-kb-spacing-sm, 1.5rem);padding-bottom:var(--global-kb-spacing-sm, 1.5rem);padding-left:var(--global-kb-spacing-sm, 1.5rem);margin-top:50px;}.kt-info-box443_c26ccc-f2.wp-block-kadence-infobox{max-width:100%;}.kt-info-box443_c26ccc-f2 .kadence-info-box-image-inner-intrisic-container{max-width:114px;}.kt-info-box443_c26ccc-f2 .kadence-info-box-image-inner-intrisic-container .kadence-info-box-image-intrisic{padding-bottom:133.33%;width:150px;height:0px;max-width:100%;}.kt-info-box443_c26ccc-f2 .kadence-info-box-icon-container .kt-info-svg-icon, .kt-info-box443_c26ccc-f2 .kt-info-svg-icon-flip, .kt-info-box443_c26ccc-f2 .kt-blocks-info-box-number{font-size:50px;}.kt-info-box443_c26ccc-f2 .kt-blocks-info-box-media{background:#ffffff;border-color:var(u002du002dglobal-palette7, #eeeeee);border-radius:200px;overflow:hidden;border-top-width:5px;border-right-width:5px;border-bottom-width:5px;border-left-width:5px;padding-top:20px;padding-right:20px;padding-bottom:20px;padding-left:20px;}.kt-info-box443_c26ccc-f2 .kt-blocks-info-box-media-container{margin-top:-75px;margin-right:0px;margin-bottom:20px;margin-left:0px;}.kt-info-box443_c26ccc-f2 .kt-blocks-info-box-media .kadence-info-box-image-intrisic img{border-radius:200px;}.kt-info-box443_c26ccc-f2 .kt-infobox-textcontent h2.kt-blocks-info-box-title{padding-top:0px;padding-right:0px;padding-bottom:0px;padding-left:0px;margin-top:5px;margin-right:0px;margin-bottom:10px;margin-left:0px;}.kt-info-box443_c26ccc-f2 .kt-blocks-info-box-learnmore{background:transparent;border-width:0px 0px 0px 0px;padding-top:4px;padding-right:8px;padding-bottom:4px;padding-left:8px;margin-top:10px;margin-right:0px;margin-bottom:10px;margin-left:0px;}@media all and (max-width: 1024px){.kt-info-box443_c26ccc-f2 .kt-blocks-info-box-link-wrap{border-top:5px solid #72a3d4;border-right:5px solid #72a3d4;border-bottom:5px solid #72a3d4;border-left:5px solid #72a3d4;}}@media all and (max-width: 767px){.kt-info-box443_c26ccc-f2 .kt-blocks-info-box-link-wrap{border-top:5px solid #72a3d4;border-right:5px solid #72a3d4;border-bottom:5px solid #72a3d4;border-left:5px solid #72a3d4;}}<\/style>\n<div class=\"wp-block-kadence-infobox kt-info-box443_c26ccc-f2\"><span class=\"kt-blocks-info-box-link-wrap info-box-link kt-blocks-info-box-media-align-top kt-info-halign-center\" aria-label=\"Dra. Carolina Carrillo Garc\u00eda\"><div class=\"kt-blocks-info-box-media-container\"><div class=\"kt-blocks-info-box-media kt-info-media-animate-none\"><div class=\"kadence-info-box-image-inner-intrisic-container\"><div class=\"kadence-info-box-image-intrisic kt-info-animate-none kb-info-box-image-ratio kb-info-box-image-ratio-port34\"><div class=\"kadence-info-box-image-inner-intrisic\"><img loading=\"lazy\" decoding=\"async\" src=\"https:\/\/matematicas.reduaz.mx\/profesionalizante_matedu\/wp-content\/uploads\/2025\/10\/Caro-150x150.jpg\" alt=\"Carolina Carrillo\" width=\"150\" height=\"150\" class=\"kt-info-box-image wp-image-444\" srcset=\"https:\/\/matematicas.reduaz.mx\/profesionalizante_matedu\/wp-content\/uploads\/2025\/10\/Caro-150x150.jpg 150w, https:\/\/matematicas.reduaz.mx\/profesionalizante_matedu\/wp-content\/uploads\/2025\/10\/Caro-300x300.jpg 300w\" sizes=\"auto, (max-width: 150px) 100vw, 150px\" \/><\/div><\/div><\/div><\/div><\/div><div class=\"kt-infobox-textcontent\"><h2 class=\"kt-blocks-info-box-title\">Dra. Carolina del Rosario Carrillo Garc\u00eda<\/h2><p class=\"kt-blocks-info-box-text\">Docente Investigadora de la Unidad Acad\u00e9mica de Matem\u00e1ticas de la Universidad Aut\u00f3noma de Zacatecas. Es Licenciada en Ense\u00f1anza de las Matem\u00e1ticas por la Universidad Aut\u00f3noma de Yucat\u00e1n, tiene el grado de Maestra en Ciencias con especialidad en Matem\u00e1tica Educativa por el Centro de Investigaci\u00f3n y de Estudios Avanzados del Instituto Polit\u00e9cnico Nacional, Unidad Distrito Federal y es Doctora en Educaci\u00f3n Matem\u00e1tica por la Universidad de Salamanca, Espa\u00f1a. Cuenta con el Reconocimiento a Profesora de Tiempo Completo con Perfil Deseable (PRODEP), es integrante del Cuerpo Acad\u00e9mico \u201cMatem\u00e1tica Educativa en la Profesionalizaci\u00f3n Docente\u201d, nivel En Consolidaci\u00f3n, y es miembro del Sistema Nacional de Investigadoras e Investigadores, nivel 1.<br><br>En cuanto a formaci\u00f3n de recursos humanos, ha impartido diversos seminarios a nivel licenciatura y maestr\u00eda desde el a\u00f1o 2005. Fue tutora en el Programa Interdisciplinario para el Desarrollo Profesional Docente en Matem\u00e1ticas, coordinado por el Departamento de Matem\u00e1tica Educativa del Centro de Investigaci\u00f3n y de Estudios Avanzados del Instituto Polit\u00e9cnico Nacional (Cinvestav-IPN) yllevado a cabo a nivel nacional. Ha participado en diplomados, cursos y talleres enfocados en la formaci\u00f3n y profesionalizaci\u00f3n docente en diversos estados de nuestro pa\u00eds (Baja California Sur, Chiapas, Durango, Estado de M\u00e9xico, Guerrero, Nayarit, San Luis Potos\u00ed, Veracruz, Yucat\u00e1n y Zacatecas) y en Chile, Colombia, Costa Rica y Cuba. Igualmente, ha dictado conferencias y ponencias relacionadas con la Matem\u00e1tica Educativa en diversos foros acad\u00e9micos y de divulgaci\u00f3n. Ha dirigido ocho tesis de licenciatura, treinta y una de maestr\u00eda, una de doctorado y actualmente, participa en la direcci\u00f3n de dos tesis de licenciatura, tres de maestr\u00eda y una de doctorado.<br>Ha colaborado en la actualizaci\u00f3n de planes y programas de estudio, tales como la Maestr\u00eda en Ciencias, \u00c1rea Matem\u00e1tica Educativa, impartida en la Unidad Acad\u00e9mica de Matem\u00e1ticas de la Universidad Aut\u00f3noma de Guerrero y la Maestr\u00eda Profesionalizante en Matem\u00e1tica Educativa, impartida en la Unidad Acad\u00e9mica de Matem\u00e1ticas de la Universidad Aut\u00f3noma de Zacatecas (UAM-UAZ), ambos posgrados se encuentran incorporados al Sistema Nacional de Posgrados (SNP); as\u00ed como la Licenciatura en Matem\u00e1ticas, ubicada en el nivel 1 por los Comit\u00e9s Interinstitucionales para la Evaluaci\u00f3n de la Educaci\u00f3n Superior (CIEES), y la Licenciatura en Matem\u00e1tica Educativa, que recibi\u00f3 a su primera generaci\u00f3n en agosto de 2025, ambas licenciaturas de la UAM-UAZ.<br>Interesada en la difusi\u00f3n, discusi\u00f3n y reflexi\u00f3n en torno a la investigaci\u00f3n, fue coordinadora del Seminario Local de Investigaci\u00f3n del CIMATE-UAGro, sede Chilpancingo e inici\u00f3 y coordin\u00f3 durante los primeros tres a\u00f1os el Seminario de Matem\u00e1tica Educativa del CIMATE-UAZ. Asimismo, ha participado como organizadora, ponente y asistente en diversos eventos nacionales e internacionales de la disciplina, tales como la Escuela de Invierno en Matem\u00e1tica Educativa, el Congreso de la Sociedad Matem\u00e1tica Mexicana, el Congreso de la Asociaci\u00f3n Nacional de Profesores de Matem\u00e1ticas, la Reuni\u00f3n Latinoamericana de Matem\u00e1tica Educativa, el Simposio de la Sociedad Espa\u00f1ola de Investigaci\u00f3n en Educaci\u00f3n Matem\u00e1tica y el Seminario Pensamiento Num\u00e9rico y Algebraico. Historia de la Matem\u00e1tica y Educaci\u00f3n Matem\u00e1tica de la Sociedad Espa\u00f1ola de Investigaci\u00f3n en Educaci\u00f3n Matem\u00e1tica, entre otros.<br>En torno a vinculaci\u00f3n acad\u00e9mica y social, es miembro del Comit\u00e9 Latinoamericano de Matem\u00e1tica Educativa y de la Red de Centros de Investigaci\u00f3n en Matem\u00e1tica Educativa (CIMATE) desde 2005. Ha desarrollado estancias de investigaci\u00f3n en Guerrero, Yucat\u00e1n, Colombia y Espa\u00f1a. Asimismo, ha sido invitada a participar como evaluadora de proyectos de investigaci\u00f3n y sinodal de ex\u00e1menes de titulaci\u00f3n por varias universidades, tanto mexicanas como extranjeras. Y, desde 2022, participa como instructora del Taller de Matem\u00e1ticas para Ni\u00f1as, Ni\u00f1os y Adolescentes, organizado por la UAM-UAZ, dirigido a estudiantes de 6 a 18 a\u00f1os.<br>Colabora regularmente como evaluadora acad\u00e9mica de las Memorias de la Escuela de Invierno en Matem\u00e1tica Educativa y el Acta Latinoamericana de Matem\u00e1tica Educativa. Y participa en la revisi\u00f3n y arbitraje de art\u00edculos de la Revista de la<em> <\/em>Red de Investigadores Educativos Chihuahua (indexada en Scielo, Latindex e Iresie) y la Revista Latinoamericana de Investigaci\u00f3n en Matem\u00e1tica Educativa (Revista incluida en el ISI Web of Knowledge (ISI WoK)).<br>Ha trabajado t\u00f3picos disciplinares como el uso de la Investigaci\u00f3n Hist\u00f3rica, el an\u00e1lisis de libros de texto y la influencia del Dominio Afectivo, as\u00ed como en la Formaci\u00f3n Inicial y Desarrollo Profesional de Profesores de Matem\u00e1ticas. Sus l\u00edneas actuales de investigaci\u00f3n son:<br>El Dise\u00f1o e Implementaci\u00f3n de Materiales Did\u00e1cticos para la Ense\u00f1anza de las Matem\u00e1ticas.<br>La Educaci\u00f3n Matem\u00e1tica Inclusiva.<br>En torno a lo cual, cuenta con diversas publicaciones, entre art\u00edculos, memorias, libros y cap\u00edtulos de libro.<\/p><\/div><\/span><\/div>\n\n\n\n<p class=\"has-text-align-center\"><a href=\"https:\/\/scholar.google.com\/citations?user=KyqQrCAAAAAJ&amp;hl=es\">Productividad<\/a><\/p>\n\n\n\n<p><\/p>\n","protected":false},"excerpt":{"rendered":"<p>Productividad<\/p>\n","protected":false},"author":2,"featured_media":0,"parent":0,"menu_order":0,"comment_status":"closed","ping_status":"closed","template":"","meta":{"kt_blocks_editor_width":"","footnotes":""},"class_list":["post-443","page","type-page","status-publish","hentry"],"_links":{"self":[{"href":"https:\/\/matematicas.reduaz.mx\/profesionalizante_matedu\/index.php?rest_route=\/wp\/v2\/pages\/443","targetHints":{"allow":["GET"]}}],"collection":[{"href":"https:\/\/matematicas.reduaz.mx\/profesionalizante_matedu\/index.php?rest_route=\/wp\/v2\/pages"}],"about":[{"href":"https:\/\/matematicas.reduaz.mx\/profesionalizante_matedu\/index.php?rest_route=\/wp\/v2\/types\/page"}],"author":[{"embeddable":true,"href":"https:\/\/matematicas.reduaz.mx\/profesionalizante_matedu\/index.php?rest_route=\/wp\/v2\/users\/2"}],"replies":[{"embeddable":true,"href":"https:\/\/matematicas.reduaz.mx\/profesionalizante_matedu\/index.php?rest_route=%2Fwp%2Fv2%2Fcomments&post=443"}],"version-history":[{"count":3,"href":"https:\/\/matematicas.reduaz.mx\/profesionalizante_matedu\/index.php?rest_route=\/wp\/v2\/pages\/443\/revisions"}],"predecessor-version":[{"id":452,"href":"https:\/\/matematicas.reduaz.mx\/profesionalizante_matedu\/index.php?rest_route=\/wp\/v2\/pages\/443\/revisions\/452"}],"wp:attachment":[{"href":"https:\/\/matematicas.reduaz.mx\/profesionalizante_matedu\/index.php?rest_route=%2Fwp%2Fv2%2Fmedia&parent=443"}],"curies":[{"name":"wp","href":"https:\/\/api.w.org\/{rel}","templated":true}]}}