{"id":2,"date":"2024-02-20T22:04:45","date_gmt":"2024-02-20T22:04:45","guid":{"rendered":"https:\/\/matematicas.reduaz.mx\/profesionalizante_matedu\/?page_id=2"},"modified":"2026-02-03T10:13:58","modified_gmt":"2026-02-03T16:13:58","slug":"bienvenida","status":"publish","type":"page","link":"https:\/\/matematicas.reduaz.mx\/profesionalizante_matedu\/","title":{"rendered":"Maestr\u00eda en Matem\u00e1tica Educativa (Profesionalizante)"},"content":{"rendered":"\n<div class=\"wp-block-group\"><div class=\"wp-block-group__inner-container is-layout-constrained wp-block-group-is-layout-constrained\">\n<div class=\"wp-block-columns is-layout-flex wp-container-core-columns-is-layout-9d6595d7 wp-block-columns-is-layout-flex\">\n<div class=\"wp-block-column is-layout-flow wp-block-column-is-layout-flow\">\n<figure class=\"wp-block-image size-full\"><img loading=\"lazy\" decoding=\"async\" width=\"1024\" height=\"157\" src=\"https:\/\/matematicas.reduaz.mx\/profesionalizante_matedu\/wp-content\/uploads\/2026\/02\/MembreteUAZ-UAM_25-29-1024x157-1.png\" alt=\"\" class=\"wp-image-502\" srcset=\"https:\/\/matematicas.reduaz.mx\/profesionalizante_matedu\/wp-content\/uploads\/2026\/02\/MembreteUAZ-UAM_25-29-1024x157-1.png 1024w, https:\/\/matematicas.reduaz.mx\/profesionalizante_matedu\/wp-content\/uploads\/2026\/02\/MembreteUAZ-UAM_25-29-1024x157-1-300x46.png 300w, https:\/\/matematicas.reduaz.mx\/profesionalizante_matedu\/wp-content\/uploads\/2026\/02\/MembreteUAZ-UAM_25-29-1024x157-1-768x118.png 768w\" sizes=\"auto, (max-width: 1024px) 100vw, 1024px\" \/><\/figure>\n<\/div>\n\n\n\n<div class=\"wp-block-column is-layout-flow wp-block-column-is-layout-flow\">\n<figure class=\"wp-block-image size-full is-resized\"><img loading=\"lazy\" decoding=\"async\" width=\"364\" height=\"138\" src=\"https:\/\/matematicas.reduaz.mx\/profesionalizante_matedu\/wp-content\/uploads\/2025\/10\/secihti.jpeg\" alt=\"\" class=\"wp-image-367\" style=\"aspect-ratio:2.6381653454133636;width:243px;height:auto\" srcset=\"https:\/\/matematicas.reduaz.mx\/profesionalizante_matedu\/wp-content\/uploads\/2025\/10\/secihti.jpeg 364w, https:\/\/matematicas.reduaz.mx\/profesionalizante_matedu\/wp-content\/uploads\/2025\/10\/secihti-300x114.jpeg 300w\" sizes=\"auto, (max-width: 364px) 100vw, 364px\" \/><\/figure>\n<\/div>\n<\/div>\n<\/div><\/div>\n\n\n<style>.kb-row-layout-id2_58eefd-56 > .kt-row-column-wrap{align-content:start;}:where(.kb-row-layout-id2_58eefd-56 > .kt-row-column-wrap) > .wp-block-kadence-column{justify-content:start;}.kb-row-layout-id2_58eefd-56 > .kt-row-column-wrap{column-gap:var(--global-kb-gap-lg, 4rem);row-gap:var(--global-kb-gap-md, 2rem);padding-top:var(--global-kb-spacing-sm, 1.5rem);padding-bottom:var(--global-kb-spacing-md, 2rem);grid-template-columns:minmax(0, 1fr);}.kb-row-layout-id2_58eefd-56{background-color:var(--global-palette2, #2B6CB0);}.kb-row-layout-id2_58eefd-56 > .kt-row-layout-overlay{opacity:0.30;}.kb-row-layout-id2_58eefd-56 ,.kb-row-layout-id2_58eefd-56 h1,.kb-row-layout-id2_58eefd-56 h2,.kb-row-layout-id2_58eefd-56 h3,.kb-row-layout-id2_58eefd-56 h4,.kb-row-layout-id2_58eefd-56 h5,.kb-row-layout-id2_58eefd-56 h6{color:var(--global-palette9, #ffffff);}.kb-row-layout-id2_58eefd-56 a{color:var(--global-palette8, #F7FAFC);}.kb-row-layout-id2_58eefd-56 a:hover{color:var(--global-palette7, #EDF2F7);}@media all and (max-width: 1024px){.kb-row-layout-id2_58eefd-56 > .kt-row-column-wrap{padding-top:var(--global-kb-spacing-4xl, 8rem);grid-template-columns:minmax(0, 1fr);}}@media all and (max-width: 767px){.kb-row-layout-id2_58eefd-56 > .kt-row-column-wrap{padding-top:var(--global-kb-spacing-3xl, 6.5rem);padding-bottom:var(--global-kb-spacing-lg, 3rem);grid-template-columns:minmax(0, 1fr);}}<\/style><div class=\"kb-row-layout-wrap kb-row-layout-id2_58eefd-56 alignnone has-theme-palette2-background-color kt-row-has-bg wp-block-kadence-rowlayout\"><div class=\"kt-row-column-wrap kt-has-1-columns kt-row-layout-equal kt-tab-layout-inherit kt-mobile-layout-row kt-row-valign-top\">\n<style>.kadence-column2_d8485f-03 > .kt-inside-inner-col{display:flex;}.kadence-column2_d8485f-03 > .kt-inside-inner-col{padding-right:var(--global-kb-spacing-lg, 3rem);}.kadence-column2_d8485f-03 > .kt-inside-inner-col,.kadence-column2_d8485f-03 > .kt-inside-inner-col:before{border-top-left-radius:0px;border-top-right-radius:0px;border-bottom-right-radius:0px;border-bottom-left-radius:0px;}.kadence-column2_d8485f-03 > .kt-inside-inner-col{column-gap:var(--global-kb-gap-sm, 1rem);}.kadence-column2_d8485f-03 > .kt-inside-inner-col{flex-direction:column;justify-content:center;}.kadence-column2_d8485f-03 > .kt-inside-inner-col > .aligncenter{width:100%;}.kt-row-column-wrap > .kadence-column2_d8485f-03{align-self:center;}.kt-inner-column-height-full:not(.kt-has-1-columns) > .wp-block-kadence-column.kadence-column2_d8485f-03{align-self:auto;}.kt-inner-column-height-full:not(.kt-has-1-columns) > .wp-block-kadence-column.kadence-column2_d8485f-03 > .kt-inside-inner-col{flex-direction:column;justify-content:center;}.kadence-column2_d8485f-03 > .kt-inside-inner-col:before{opacity:0.3;}.kadence-column2_d8485f-03{position:relative;}@media all and (max-width: 1024px){.kt-row-column-wrap > .kadence-column2_d8485f-03{align-self:center;}}@media all and (max-width: 1024px){.kt-inner-column-height-full:not(.kt-has-1-columns) > .wp-block-kadence-column.kadence-column2_d8485f-03{align-self:auto;}}@media all and (max-width: 1024px){.kt-inner-column-height-full:not(.kt-has-1-columns) > .wp-block-kadence-column.kadence-column2_d8485f-03 > .kt-inside-inner-col{flex-direction:column;justify-content:center;}}@media all and (max-width: 1024px){.kadence-column2_d8485f-03 > .kt-inside-inner-col{flex-direction:column;justify-content:center;}}@media all and (max-width: 767px){.kt-row-column-wrap > .kadence-column2_d8485f-03{align-self:center;}.kt-inner-column-height-full:not(.kt-has-1-columns) > .wp-block-kadence-column.kadence-column2_d8485f-03{align-self:auto;}.kt-inner-column-height-full:not(.kt-has-1-columns) > .wp-block-kadence-column.kadence-column2_d8485f-03 > .kt-inside-inner-col{flex-direction:column;justify-content:center;}.kadence-column2_d8485f-03 > .kt-inside-inner-col{flex-direction:column;justify-content:center;}}<\/style>\n<div class=\"wp-block-kadence-column kadence-column2_d8485f-03\"><div class=\"kt-inside-inner-col\">\n<h1 class=\"wp-block-heading has-md-font-size\"><strong>Bienvenidos<\/strong><\/h1>\n\n\n\n<p class=\"has-xxl-font-size\">La Maestr\u00eda en Matem\u00e1tica Educativa de la Universidad Aut\u00f3noma de Zacatecas, es un posgrado Profesionalizante que cuenta con Reconocimiento del Sistema Nacional de Posgrados (SNP) de SECIHTI.<br><\/p>\n\n\n\n<p class=\"has-xxl-font-size\">Est\u00e1 dirigida a Profesionistas comprometidos con el campo de la Ense\u00f1anza y el Aprendizaje de las Matem\u00e1ticas, graduados en alguna disciplina con formaci\u00f3n matem\u00e1tica; preferentemente con experiencia en la docencia de las matem\u00e1ticas correspondiente a la orientaci\u00f3n elegida en los niveles de Secundaria, Bachillerato o Superior.<\/p>\n<\/div><\/div>\n\n<\/div><\/div>\n\n<style>.kb-row-layout-id2_05769a-a3 > .kt-row-column-wrap{align-content:start;}:where(.kb-row-layout-id2_05769a-a3 > .kt-row-column-wrap) > .wp-block-kadence-column{justify-content:start;}.kb-row-layout-id2_05769a-a3 > .kt-row-column-wrap{column-gap:var(--global-kb-gap-md, 2rem);row-gap:var(--global-kb-gap-md, 2rem);grid-template-columns:minmax(0, 1fr);}.kb-row-layout-id2_05769a-a3 > .kt-row-layout-overlay{opacity:0.30;}@media all and (max-width: 1024px){.kb-row-layout-id2_05769a-a3 > .kt-row-column-wrap{grid-template-columns:minmax(0, 1fr);}}@media all and (max-width: 767px){.kb-row-layout-id2_05769a-a3 > .kt-row-column-wrap{grid-template-columns:minmax(0, 1fr);}}<\/style><div class=\"kb-row-layout-wrap kb-row-layout-id2_05769a-a3 alignnone wp-block-kadence-rowlayout\"><div class=\"kt-row-column-wrap kt-has-1-columns kt-row-layout-equal kt-tab-layout-inherit kt-mobile-layout-row kt-row-valign-top\">\n<style>.kadence-column2_95c5c1-51 > .kt-inside-inner-col,.kadence-column2_95c5c1-51 > .kt-inside-inner-col:before{border-top-left-radius:0px;border-top-right-radius:0px;border-bottom-right-radius:0px;border-bottom-left-radius:0px;}.kadence-column2_95c5c1-51 > .kt-inside-inner-col{column-gap:var(--global-kb-gap-sm, 1rem);}.kadence-column2_95c5c1-51 > .kt-inside-inner-col{flex-direction:column;}.kadence-column2_95c5c1-51 > .kt-inside-inner-col > .aligncenter{width:100%;}.kadence-column2_95c5c1-51 > .kt-inside-inner-col:before{opacity:0.3;}.kadence-column2_95c5c1-51{position:relative;}@media all and (max-width: 1024px){.kadence-column2_95c5c1-51 > .kt-inside-inner-col{flex-direction:column;justify-content:center;}}@media all and (max-width: 767px){.kadence-column2_95c5c1-51 > .kt-inside-inner-col{flex-direction:column;justify-content:center;}}<\/style>\n<div class=\"wp-block-kadence-column kadence-column2_95c5c1-51\"><div class=\"kt-inside-inner-col\"><style>.kadence-column2_fd77e8-93 > .kt-inside-inner-col,.kadence-column2_fd77e8-93 > .kt-inside-inner-col:before{border-top-left-radius:0px;border-top-right-radius:0px;border-bottom-right-radius:0px;border-bottom-left-radius:0px;}.kadence-column2_fd77e8-93 > .kt-inside-inner-col{column-gap:var(--global-kb-gap-sm, 1rem);}.kadence-column2_fd77e8-93 > .kt-inside-inner-col{flex-direction:column;}.kadence-column2_fd77e8-93 > .kt-inside-inner-col > .aligncenter{width:100%;}.kadence-column2_fd77e8-93 > .kt-inside-inner-col:before{opacity:0.3;}.kadence-column2_fd77e8-93{position:relative;}@media all and (max-width: 1024px){.kadence-column2_fd77e8-93 > .kt-inside-inner-col{flex-direction:column;justify-content:center;}}@media all and (max-width: 767px){.kadence-column2_fd77e8-93 > .kt-inside-inner-col{flex-direction:column;justify-content:center;}}<\/style>\n<div class=\"wp-block-kadence-column kadence-column2_fd77e8-93\"><div class=\"kt-inside-inner-col\">\n<div class=\"wp-block-columns is-layout-flex wp-container-core-columns-is-layout-9d6595d7 wp-block-columns-is-layout-flex\">\n<div class=\"wp-block-column is-layout-flow wp-block-column-is-layout-flow\"><div class=\"wp-block-image\">\n<figure class=\"aligncenter size-full is-resized\"><a href=\"https:\/\/matematicas.reduaz.mx\/profesionalizante_matedu\/?p=1\"><img loading=\"lazy\" decoding=\"async\" width=\"972\" height=\"1728\" src=\"https:\/\/matematicas.reduaz.mx\/profesionalizante_matedu\/wp-content\/uploads\/2026\/02\/Ingreso-2026Mobile.gif\" alt=\"\" class=\"wp-image-503\" style=\"aspect-ratio:0.5625222404099353;width:284px;height:auto\"\/><\/a><\/figure>\n<\/div><\/div>\n\n\n\n<div class=\"wp-block-column is-layout-flow wp-block-column-is-layout-flow\"><div class=\"wp-block-image\">\n<figure class=\"aligncenter size-large\"><a href=\"https:\/\/matematicas.reduaz.mx\/profesionalizante_matedu\/?p=1\"><img loading=\"lazy\" decoding=\"async\" width=\"768\" height=\"1024\" src=\"https:\/\/matematicas.reduaz.mx\/profesionalizante_matedu\/wp-content\/uploads\/2026\/02\/Poster-Ingreso-MME2026--768x1024.png\" alt=\"\" class=\"wp-image-505\" srcset=\"https:\/\/matematicas.reduaz.mx\/profesionalizante_matedu\/wp-content\/uploads\/2026\/02\/Poster-Ingreso-MME2026--768x1024.png 768w, https:\/\/matematicas.reduaz.mx\/profesionalizante_matedu\/wp-content\/uploads\/2026\/02\/Poster-Ingreso-MME2026--225x300.png 225w, https:\/\/matematicas.reduaz.mx\/profesionalizante_matedu\/wp-content\/uploads\/2026\/02\/Poster-Ingreso-MME2026--1152x1536.png 1152w, https:\/\/matematicas.reduaz.mx\/profesionalizante_matedu\/wp-content\/uploads\/2026\/02\/Poster-Ingreso-MME2026--1536x2048.png 1536w, https:\/\/matematicas.reduaz.mx\/profesionalizante_matedu\/wp-content\/uploads\/2026\/02\/Poster-Ingreso-MME2026-.png 1728w\" sizes=\"auto, (max-width: 768px) 100vw, 768px\" \/><\/a><\/figure>\n<\/div><\/div>\n<\/div>\n<\/div><\/div>\n<\/div><\/div>\n\n<\/div><\/div>\n\n<style>.kb-row-layout-id2_8876ce-e8 > .kt-row-column-wrap{align-content:start;}:where(.kb-row-layout-id2_8876ce-e8 > .kt-row-column-wrap) > .wp-block-kadence-column{justify-content:start;}.kb-row-layout-id2_8876ce-e8 > .kt-row-column-wrap{column-gap:var(--global-kb-gap-lg, 4rem);row-gap:var(--global-kb-gap-md, 2rem);max-width:var(--wp--style--global--content-size);padding-top:var(--global-kb-spacing-xs, 1rem);padding-bottom:var(--global-kb-spacing-xs, 1rem);grid-template-columns:minmax(0, 1fr);}.kb-row-layout-id2_8876ce-e8{background-color:var(--global-palette8, #F7FAFC);}.kb-row-layout-id2_8876ce-e8 > .kt-row-layout-overlay{opacity:0.30;}.kb-row-layout-id2_8876ce-e8 ,.kb-row-layout-id2_8876ce-e8 h1,.kb-row-layout-id2_8876ce-e8 h2,.kb-row-layout-id2_8876ce-e8 h3,.kb-row-layout-id2_8876ce-e8 h4,.kb-row-layout-id2_8876ce-e8 h5,.kb-row-layout-id2_8876ce-e8 h6{color:var(--global-palette3, #1A202C);}.kb-row-layout-id2_8876ce-e8 a{color:var(--global-palette4, #2D3748);}.kb-row-layout-id2_8876ce-e8 a:hover{color:var(--global-palette5, #4A5568);}@media all and (max-width: 1024px){.kb-row-layout-id2_8876ce-e8 > .kt-row-column-wrap{row-gap:var(--global-kb-gap-lg, 4rem);grid-template-columns:minmax(0, 1fr);}}@media all and (max-width: 767px){.kb-row-layout-id2_8876ce-e8 > .kt-row-column-wrap{grid-template-columns:minmax(0, 1fr);}}<\/style><div class=\"kb-row-layout-wrap kb-row-layout-id2_8876ce-e8 alignnone has-theme-palette8-background-color kt-row-has-bg wp-block-kadence-rowlayout\"><div class=\"kt-row-column-wrap kt-has-1-columns kt-row-layout-equal kt-tab-layout-inherit kt-mobile-layout-row kt-row-valign-top kb-theme-content-width\">\n<style>.kadence-column2_4e6031-38 > .kt-inside-inner-col,.kadence-column2_4e6031-38 > .kt-inside-inner-col:before{border-top-left-radius:0px;border-top-right-radius:0px;border-bottom-right-radius:0px;border-bottom-left-radius:0px;}.kadence-column2_4e6031-38 > .kt-inside-inner-col{column-gap:var(--global-kb-gap-sm, 1rem);}.kadence-column2_4e6031-38 > .kt-inside-inner-col{flex-direction:column;}.kadence-column2_4e6031-38 > .kt-inside-inner-col > .aligncenter{width:100%;}.kadence-column2_4e6031-38 > .kt-inside-inner-col:before{opacity:0.3;}.kadence-column2_4e6031-38{position:relative;}@media all and (max-width: 1024px){.kadence-column2_4e6031-38 > .kt-inside-inner-col{flex-direction:column;justify-content:center;}}@media all and (max-width: 767px){.kadence-column2_4e6031-38 > .kt-inside-inner-col{flex-direction:column;justify-content:center;}}<\/style>\n<div class=\"wp-block-kadence-column kadence-column2_4e6031-38\"><div class=\"kt-inside-inner-col\">\n<div class=\"wp-block-columns is-layout-flex wp-container-core-columns-is-layout-9d6595d7 wp-block-columns-is-layout-flex\">\n<div class=\"wp-block-column is-layout-flow wp-block-column-is-layout-flow\">\n<figure class=\"wp-block-image size-large is-resized\"><img loading=\"lazy\" decoding=\"async\" width=\"724\" height=\"1024\" src=\"https:\/\/matematicas.reduaz.mx\/profesionalizante_matedu\/wp-content\/uploads\/2025\/10\/duracion-724x1024.png\" alt=\"\" class=\"wp-image-490\" style=\"width:217px;height:auto\" srcset=\"https:\/\/matematicas.reduaz.mx\/profesionalizante_matedu\/wp-content\/uploads\/2025\/10\/duracion-724x1024.png 724w, https:\/\/matematicas.reduaz.mx\/profesionalizante_matedu\/wp-content\/uploads\/2025\/10\/duracion-212x300.png 212w, https:\/\/matematicas.reduaz.mx\/profesionalizante_matedu\/wp-content\/uploads\/2025\/10\/duracion-768x1086.png 768w, https:\/\/matematicas.reduaz.mx\/profesionalizante_matedu\/wp-content\/uploads\/2025\/10\/duracion-1086x1536.png 1086w, https:\/\/matematicas.reduaz.mx\/profesionalizante_matedu\/wp-content\/uploads\/2025\/10\/duracion.png 1414w\" sizes=\"auto, (max-width: 724px) 100vw, 724px\" \/><\/figure>\n<\/div>\n\n\n\n<div class=\"wp-block-column is-layout-flow wp-block-column-is-layout-flow\">\n<p>El programa de Maestr\u00eda en Matem\u00e1tica Educativa est\u00e1 programado para cursarse en 2 a\u00f1os.<\/p>\n\n\n\n<p>La convocatoria de ingreso se publica en febrero de cada a\u00f1o. A partir de su publicaci\u00f3n se incia el proceso de selecci\u00f3n de aspirantes que ser\u00e1n admitidos en el mes de agosto<\/p>\n<\/div>\n<\/div>\n\n\n\n<div class=\"wp-block-columns is-layout-flex wp-container-core-columns-is-layout-9d6595d7 wp-block-columns-is-layout-flex\">\n<div class=\"wp-block-column is-layout-flow wp-block-column-is-layout-flow\">\n<p>El programa tiene una orientaci\u00f3n PROFESIONALIZANTE<\/p>\n\n\n\n<p>Se ofrece en modalidad escolarizada<\/p>\n\n\n\n<p>Tiene opciones de becas SECIHTI y UAZ<\/p>\n<\/div>\n\n\n\n<div class=\"wp-block-column is-layout-flow wp-block-column-is-layout-flow\">\n<figure class=\"wp-block-image size-large is-resized\"><img loading=\"lazy\" decoding=\"async\" width=\"724\" height=\"1024\" src=\"https:\/\/matematicas.reduaz.mx\/profesionalizante_matedu\/wp-content\/uploads\/2025\/10\/orientacion-724x1024.png\" alt=\"\" class=\"wp-image-491\" style=\"width:217px\" srcset=\"https:\/\/matematicas.reduaz.mx\/profesionalizante_matedu\/wp-content\/uploads\/2025\/10\/orientacion-724x1024.png 724w, https:\/\/matematicas.reduaz.mx\/profesionalizante_matedu\/wp-content\/uploads\/2025\/10\/orientacion-212x300.png 212w, https:\/\/matematicas.reduaz.mx\/profesionalizante_matedu\/wp-content\/uploads\/2025\/10\/orientacion-768x1086.png 768w, https:\/\/matematicas.reduaz.mx\/profesionalizante_matedu\/wp-content\/uploads\/2025\/10\/orientacion-1086x1536.png 1086w, https:\/\/matematicas.reduaz.mx\/profesionalizante_matedu\/wp-content\/uploads\/2025\/10\/orientacion.png 1414w\" sizes=\"auto, (max-width: 724px) 100vw, 724px\" \/><\/figure>\n<\/div>\n<\/div>\n<\/div><\/div>\n\n<\/div><\/div>\n\n<style>.wp-block-kadence-spacer.kt-block-spacer-2_4728a1-08 .kt-block-spacer{height:60px;}.wp-block-kadence-spacer.kt-block-spacer-2_4728a1-08 .kt-divider{border-top-width:1px;height:1px;border-top-color:#eee;width:80%;border-top-style:solid;}<\/style>\n<div class=\"wp-block-kadence-spacer aligncenter kt-block-spacer-2_4728a1-08\"><div class=\"kt-block-spacer kt-block-spacer-halign-center\"><hr class=\"kt-divider\"\/><\/div><\/div>\n\n\n\n<p>La maestr\u00eda cuenta con 3 especializaciones. De esta manera, atendiendo la especificidad de los profesores de matem\u00e1ticas en cada nivel educativo y considerando el inter\u00e9s y la orientaci\u00f3n elegida por los estudiantes, se otorgar\u00e1n alguno de los siguientes t\u00edtulos:<\/p>\n\n\n\n<div class=\"wp-block-columns is-layout-flex wp-container-core-columns-is-layout-9d6595d7 wp-block-columns-is-layout-flex\">\n<div class=\"wp-block-column is-layout-flow wp-block-column-is-layout-flow\">\n<figure class=\"wp-block-image size-full\"><img loading=\"lazy\" decoding=\"async\" width=\"1000\" height=\"1000\" src=\"https:\/\/matematicas.reduaz.mx\/profesionalizante_matedu\/wp-content\/uploads\/2025\/10\/nivel-sec.jpg\" alt=\"\" class=\"wp-image-393\" srcset=\"https:\/\/matematicas.reduaz.mx\/profesionalizante_matedu\/wp-content\/uploads\/2025\/10\/nivel-sec.jpg 1000w, https:\/\/matematicas.reduaz.mx\/profesionalizante_matedu\/wp-content\/uploads\/2025\/10\/nivel-sec-300x300.jpg 300w, https:\/\/matematicas.reduaz.mx\/profesionalizante_matedu\/wp-content\/uploads\/2025\/10\/nivel-sec-150x150.jpg 150w, https:\/\/matematicas.reduaz.mx\/profesionalizante_matedu\/wp-content\/uploads\/2025\/10\/nivel-sec-768x768.jpg 768w\" sizes=\"auto, (max-width: 1000px) 100vw, 1000px\" \/><\/figure>\n<\/div>\n\n\n\n<div class=\"wp-block-column is-layout-flow wp-block-column-is-layout-flow\">\n<figure class=\"wp-block-image size-full\"><img loading=\"lazy\" decoding=\"async\" width=\"1000\" height=\"1000\" src=\"https:\/\/matematicas.reduaz.mx\/profesionalizante_matedu\/wp-content\/uploads\/2025\/10\/nivel-bach.jpg\" alt=\"\" class=\"wp-image-394\" srcset=\"https:\/\/matematicas.reduaz.mx\/profesionalizante_matedu\/wp-content\/uploads\/2025\/10\/nivel-bach.jpg 1000w, https:\/\/matematicas.reduaz.mx\/profesionalizante_matedu\/wp-content\/uploads\/2025\/10\/nivel-bach-300x300.jpg 300w, https:\/\/matematicas.reduaz.mx\/profesionalizante_matedu\/wp-content\/uploads\/2025\/10\/nivel-bach-150x150.jpg 150w, https:\/\/matematicas.reduaz.mx\/profesionalizante_matedu\/wp-content\/uploads\/2025\/10\/nivel-bach-768x768.jpg 768w\" sizes=\"auto, (max-width: 1000px) 100vw, 1000px\" \/><\/figure>\n<\/div>\n\n\n\n<div class=\"wp-block-column is-layout-flow wp-block-column-is-layout-flow\">\n<figure class=\"wp-block-image size-full\"><img loading=\"lazy\" decoding=\"async\" width=\"1000\" height=\"1000\" src=\"https:\/\/matematicas.reduaz.mx\/profesionalizante_matedu\/wp-content\/uploads\/2025\/10\/nivel-sup.jpg\" alt=\"\" class=\"wp-image-395\" srcset=\"https:\/\/matematicas.reduaz.mx\/profesionalizante_matedu\/wp-content\/uploads\/2025\/10\/nivel-sup.jpg 1000w, https:\/\/matematicas.reduaz.mx\/profesionalizante_matedu\/wp-content\/uploads\/2025\/10\/nivel-sup-300x300.jpg 300w, https:\/\/matematicas.reduaz.mx\/profesionalizante_matedu\/wp-content\/uploads\/2025\/10\/nivel-sup-150x150.jpg 150w, https:\/\/matematicas.reduaz.mx\/profesionalizante_matedu\/wp-content\/uploads\/2025\/10\/nivel-sup-768x768.jpg 768w\" sizes=\"auto, (max-width: 1000px) 100vw, 1000px\" \/><\/figure>\n<\/div>\n<\/div>\n\n\n\n<p><\/p>\n","protected":false},"excerpt":{"rendered":"<p>Bienvenidos La Maestr\u00eda en Matem\u00e1tica Educativa de la Universidad Aut\u00f3noma de Zacatecas, es un posgrado Profesionalizante que cuenta con Reconocimiento del Sistema Nacional de Posgrados (SNP) de SECIHTI. Est\u00e1 dirigida a Profesionistas comprometidos con el campo de la Ense\u00f1anza y &hellip; <a href=\"https:\/\/matematicas.reduaz.mx\/profesionalizante_matedu\/\">Continued<\/a><\/p>\n","protected":false},"author":1,"featured_media":0,"parent":0,"menu_order":0,"comment_status":"closed","ping_status":"closed","template":"","meta":{"kt_blocks_editor_width":"","footnotes":""},"class_list":["post-2","page","type-page","status-publish","hentry"],"_links":{"self":[{"href":"https:\/\/matematicas.reduaz.mx\/profesionalizante_matedu\/index.php?rest_route=\/wp\/v2\/pages\/2","targetHints":{"allow":["GET"]}}],"collection":[{"href":"https:\/\/matematicas.reduaz.mx\/profesionalizante_matedu\/index.php?rest_route=\/wp\/v2\/pages"}],"about":[{"href":"https:\/\/matematicas.reduaz.mx\/profesionalizante_matedu\/index.php?rest_route=\/wp\/v2\/types\/page"}],"author":[{"embeddable":true,"href":"https:\/\/matematicas.reduaz.mx\/profesionalizante_matedu\/index.php?rest_route=\/wp\/v2\/users\/1"}],"replies":[{"embeddable":true,"href":"https:\/\/matematicas.reduaz.mx\/profesionalizante_matedu\/index.php?rest_route=%2Fwp%2Fv2%2Fcomments&post=2"}],"version-history":[{"count":22,"href":"https:\/\/matematicas.reduaz.mx\/profesionalizante_matedu\/index.php?rest_route=\/wp\/v2\/pages\/2\/revisions"}],"predecessor-version":[{"id":512,"href":"https:\/\/matematicas.reduaz.mx\/profesionalizante_matedu\/index.php?rest_route=\/wp\/v2\/pages\/2\/revisions\/512"}],"wp:attachment":[{"href":"https:\/\/matematicas.reduaz.mx\/profesionalizante_matedu\/index.php?rest_route=%2Fwp%2Fv2%2Fmedia&parent=2"}],"curies":[{"name":"wp","href":"https:\/\/api.w.org\/{rel}","templated":true}]}}